t x = -93 - h. List the prime factors of x.
2, 13
Let f(q) = -2*q - 7 - q**3 + 5*q**2 + q + 9*q**2 - 5*q**2. Let b be f(9). List the prime factors of (-164)/(-5) + b/20.
2
Let p(q) = 4*q**3 + 3*q**2 - 13*q - 8. List the prime factors of p(5).
2, 251
Suppose 0 = 18*u - 8*u - 3060. List the prime factors of u.
2, 3, 17
Let o = 110 - 108. Suppose -5*x + 6 + 14 = 0. Suppose -o*b = -x*k - 16, 3*k + 2 = -3*b - 1. What are the prime factors of b?
2
Let q = -316 - -544. Let k = 371 - q. What are the prime factors of k?
11, 13
Suppose -3*d - d + 1582 = -5*m, 0 = -5*d + 2*m + 1986. List the prime factors of d.
2, 199
Suppose 0 = 2*m - 0*m - 3632. List the prime factors of m.
2, 227
Let x = -3 + 43. Let k = -100 + 104. Suppose k*s - 8 = x. List the prime factors of s.
2, 3
Let y(u) = -u**3 - 2*u**2 - 12*u - 8. Let p be y(-11). Suppose p = 10*x - 17. List the prime factors of x.
3, 41
List the prime factors of 10 + 15416/88 + 4/(-22).
5, 37
Suppose 5*t + 3*t = 24. Suppose 3*q = -5*k + 1241, 5*k = t*q + 252 + 1007. What are the prime factors of k?
2, 5
List the prime factors of (-26935)/(-25) + 7 + (-37)/5.
3, 359
Let z = -26 - -41. Let x be ((-2)/3)/((-16)/96). Suppose z - 87 = -x*p. List the prime factors of p.
2, 3
Let d(g) = g + 10. Let q be d(0). List the prime factors of ((-8)/q)/(((-3)/90)/1).
2, 3
Let u = -6090 - -8835. List the prime factors of u.
3, 5, 61
Suppose 75*x - 51*x = 36120. List the prime factors of x.
5, 7, 43
List the prime factors of 2/(5/5930*(-1)/(-1)).
2, 593
Suppose -4944 = -22*k - 2*k. List the prime factors of k.
2, 103
Suppose -3*t + 2446 = 2*v, 5*t = -12*v + 8*v + 4892. List the prime factors of v.
1223
Let q = -15 - -10. Let y(n) = 6*n**2 - 3*n - 15. List the prime factors of y(q).
2, 3, 5
Let y = 6275 - 2608. List the prime factors of y.
19, 193
Let o(t) = 19*t - 2*t**2 + 6 + 6*t**2 - 5*t**2. What are the prime factors of o(7)?
2, 3, 5
Let g(b) = b**3 + 8*b**2 - b - 3. Let h be g(-8). Suppose 3 = -3*w - 0*w - h*x, -2 = 2*w - x. Let n = 5 + w. What are the prime factors of n?
2
Let n = -316 - -786. What are the prime factors of n?
2, 5, 47
Suppose 133 = s - 5*v - 156, 2*v = 2*s - 546. What are the prime factors of s?
269
What are the prime factors of 556*(-9 - -15 - 5)?
2, 139
Suppose -26 = 3*w - 0*w - 4*n, 0 = 4*w - 2*n + 18. Let b(c) = -13*c - 42. Let t be b(-4). What are the prime factors of (-1881)/(-45) - w/t?
2, 3, 7
Let d(v) be the third derivative of -17*v**4/8 + 5*v**3/3 - 15*v**2. List the prime factors of d(-4).
2, 107
Suppose 2*l = -4*b + 6*l + 792, -b - 2*l + 210 = 0. List the prime factors of b.
2, 101
Suppose -3*t + t + 10 = -3*v, -5 = -t + v. Suppose -4*d = 2*j - 516, 0 = -t*d + 2*j + 2*j + 645. List the prime factors of d.
3, 43
Let h be 4/(-5)*(-30)/12. Let b be h + (-4)/(-2)*1. Suppose 0 = -b*y + 32 + 32. List the prime factors of y.
2
Suppose 1425 = 18*m - 13*m. List the prime factors of m.
3, 5, 19
Suppose 0 = -2*k - 5*k - 714. Let t be k/(-2) + -4 - -1. Suppose 0 = 4*l + 3*d - 159, 0 = -2*l - 3*d + t + 33. What are the prime factors of l?
3, 13
Let p be 3 + 0 - (-116 - -5). Let x = p + -164. Let d = x + 84. What are the prime factors of d?
2, 17
Let w(t) = -t + 21. Let o be w(16). Suppose -3*g + 105 = 5*n - 75, 0 = o*n. Suppose 2*d - g = -2*d. List the prime factors of d.
3, 5
Let y(c) = 2136*c + 200. What are the prime factors of y(2)?
2, 13, 43
Suppose y - 21 = -4*a + 65, 3*y - 249 = -3*a. What are the prime factors of y?
2, 41
Let u = 65 + -215. Let q = 279 + u. Suppose 8*b - 11*b = -q. What are the prime factors of b?
43
Suppose 2*z - 1013 = -3*g, 9*z + 3*g + 995 = 11*z. List the prime factors of z.
2, 251
Suppose 30*d - 33185 = 38005. List the prime factors of d.
3, 7, 113
Suppose -4*i + 18 + 14 = 0. Suppose 0 = 2*c + o, 5*c + i*o - 4*o = 0. Let z(v) = -v**3 + 28. What are the prime factors of z(c)?
2, 7
Let q = -11 - -4. Let w(k) = -k**3 - 7*k**2 - 7*k - 4. List the prime factors of w(q).
3, 5
Let w(f) = 18*f. Let i be w(1). Let s(o) = i*o + 15*o - 5*o + 1 - 8*o. What are the prime factors of s(1)?
3, 7
Let o(a) = 146*a - 181. List the prime factors of o(31).
5, 11, 79
Let t = -1622 - -4230. List the prime factors of t.
2, 163
Suppose 3*m - 1072 = 4*q, 782 = 5*m + 2*q - 970. What are the prime factors of m?
2, 11
What are the prime factors of (0 + 181)*(0 + 3)?
3, 181
Let a(o) = o**2 + 6*o - 3. Let g be a(-7). Suppose 4*d - 4*x - 24 = 0, 0 = -3*d - 4*x + 36 - g. Let v = 20 - d. List the prime factors of v.
2, 3
Suppose 0 = 3*p - n + 5, 5 = 5*p + 5*n - 0. Let l be (4/(-12) - p)*3. Suppose -3*w - 3*d + 20 = -w, 3*w + l*d = 20. List the prime factors of w.
2
Let o(l) = l**3 - 8*l**2 - 11*l + 17. Let n be o(10). Let q = n - 58. What are the prime factors of q?
7
Let q(a) = -a**2 - 3*a + 2. Let p be q(-2). What are the prime factors of 3705/91 + p/14?
41
Suppose 31*d + 1156 = t + 30*d, 0 = -4*t - 4*d + 4608. What are the prime factors of t?
2, 577
Let o be (-2676)/10 + (-4)/10. Let k = o - -385. List the prime factors of k.
3, 13
Suppose -4*u + 12 = 4*h, -6*h + 4*u = -h - 24. Suppose h*x + 9 = 213. What are the prime factors of x?
3, 17
Suppose -11*w - 178035 = -76*w. List the prime factors of w.
3, 11, 83
Let o(a) = -44*a**3 - 4*a**2 - 6*a - 6. What are the prime factors of o(-2)?
2, 3, 19
Let l be -2*(-4)/((-8)/(-5)). Suppose l*w + 24 = x, 0 = -3*x - 4*w + 3 - 7. Suppose 0 = -x*a + 3*g + 79, 3*a - 6*a + 52 = 5*g. List the prime factors of a.
19
Let r be (9 - -1)/(6/9). Let x = -12 + r. Suppose -3*c + 78 = -x*g, 4*c - 2*g - 153 = -41. What are the prime factors of c?
2, 3, 5
Let y = 1035 + -244. List the prime factors of y.
7, 113
What are the prime factors of (-26)/247 + (-91664)/(-76)?
2, 3, 67
Let x = 2869 - 38. What are the prime factors of x?
19, 149
Suppose 0 = -4*h - 4*l + 636, 0*h = -4*h - 2*l + 638. What are the prime factors of h?
2, 5
Suppose -4*a + 3*a = -23. Suppose 0 = -2*s + a + 19. What are the prime factors of s/4 + (-21)/(-28)?
2, 3
Suppose -6*t + 5*t = -105. Suppose t = -c + 4*c. List the prime factors of c.
5, 7
Let d be -3 - -1 - (-6 + 3). Let g = -3 - d. Let a = g + 21. What are the prime factors of a?
17
List the prime factors of 763/2 - (-27)/(-18).
2, 5, 19
What are the prime factors of ((-9)/6*1671)/(87/(-116))?
2, 3, 557
Suppose -3*g = -5*s + 4266, -4*s - 3*g = g - 3400. List the prime factors of s.
2, 3, 71
Let u(f) = 3*f**2 + f**2 - 7*f**2 + 2*f**2 - 20 + 16*f. What are the prime factors of u(12)?
2, 7
Let p(w) = -2*w + 2. Let b be p(-5). What are the prime factors of b/18*1254/4?
11, 19
Let q = -170 - -242. List the prime factors of q.
2, 3
Let z(k) = 11*k**2 + 3*k - 8. What are the prime factors of z(16)?
2, 3, 7, 17
Let b(m) = 36 - 15 + 8*m - 22. Suppose -2 - 1 = -3*n. List the prime factors of b(n).
7
Suppose 5*q = 5*b + 380, 4*b + q = 3*q - 306. Let s = b + 135. List the prime factors of s.
2, 29
Let u(l) be the first derivative of -7*l**2 + 1/4*l**4 - 2*l**3 - 4 - 10*l. What are the prime factors of u(8)?
2, 3
Let l(z) = 4*z + 52. Let j = 22 - 1. List the prime factors of l(j).
2, 17
Suppose -660 = -l + 7*l. Let o = 293 + l. List the prime factors of o.
3, 61
Let f be (3/(-6))/(6/624). Let o = 100 + f. What are the prime factors of o?
2, 3
Let o be (-43)/(-3) + 3/(-9). Let j be (-4)/o + (-30)/(-7). Suppose -2*s + j*y - 2*y + 28 = 0, 2*s + 4*y - 4 = 0. What are the prime factors of s?
2, 5
Suppose -i - 5 = 0, 14 = 5*f + 2*i + 4. Suppose -3*z = -5*d + 255, 3*d - d - 102 = f*z. Suppose 4*c - 3*c = d. What are the prime factors of c?
3, 17
Suppose -2*l + 4*l = 5*r + 44, 3*l - 66 = 4*r. Suppose y + y = -d - 8, y = -3*d - 44. Let i = d + l. List the prime factors of i.
2, 3
Let a(l) = -l**3 + l + 10 - 7 + 6*l**2 + 6 + 3*l. Let o be a(7). List the prime factors of o/9*54/(-4).
2, 3
Suppose -4*r = -3*r + 5*a - 196, 0 = -2*r + 4*a + 392. What are the prime factors of r?
2, 7
Suppose 9*x = 46 - 10. Suppose x*b + s = 402, -2*b + 0*s + 210 = 5*s. List the prime factors of b.
2, 5
Suppose 4*w - 44*z = -42*z + 4454, -5*w + 4*z = -5575. List the prime factors of w.
11, 101
Let g = 5894 - 3388. What are the prime factors of g?
2, 7, 179
Suppose 3*t - 3 = 2*t. Suppose -3*q - t = -3*o, 2*o - 4 = -3*q + 8. Suppose o*c - 50 = -2*c. What are the prime factors of c?
2, 5
Suppose 0 = 